[INFO] cloning repository https://github.com/bluelhf/tikka
[INFO] running `Command { std: "git" "-c" "credential.helper=" "-c" "credential.helper=/workspace/cargo-home/bin/git-credential-null" "clone" "--bare" "https://github.com/bluelhf/tikka" "/workspace/cache/git-repos/https%3A%2F%2Fgithub.com%2Fbluelhf%2Ftikka", kill_on_drop: false }`
[INFO] [stderr] Cloning into bare repository '/workspace/cache/git-repos/https%3A%2F%2Fgithub.com%2Fbluelhf%2Ftikka'...
[INFO] running `Command { std: "git" "rev-parse" "HEAD", kill_on_drop: false }`
[INFO] [stdout] c6fbb05e21f68548687ce923ca7fe568cb294d84
[INFO] checking bluelhf/tikka against master#e6e4f7ed1589e03bc2f6c5931c1a72e7947e8682 for beta-170-4
[INFO] running `Command { std: "git" "clone" "/workspace/cache/git-repos/https%3A%2F%2Fgithub.com%2Fbluelhf%2Ftikka" "/workspace/builds/worker-7-tc2/source", kill_on_drop: false }`
[INFO] [stderr] Cloning into '/workspace/builds/worker-7-tc2/source'...
[INFO] [stderr] done.
[INFO] validating manifest of git repo https://github.com/bluelhf/tikka on toolchain e6e4f7ed1589e03bc2f6c5931c1a72e7947e8682
[INFO] running `Command { std: CARGO_HOME="/workspace/cargo-home" RUSTUP_HOME="/workspace/rustup-home" "/workspace/cargo-home/bin/cargo" "+e6e4f7ed1589e03bc2f6c5931c1a72e7947e8682" "metadata" "--manifest-path" "Cargo.toml" "--no-deps", kill_on_drop: false }`
[INFO] started tweaking git repo https://github.com/bluelhf/tikka
[INFO] finished tweaking git repo https://github.com/bluelhf/tikka
[INFO] tweaked toml for git repo https://github.com/bluelhf/tikka written to /workspace/builds/worker-7-tc2/source/Cargo.toml
[INFO] crate git repo https://github.com/bluelhf/tikka already has a lockfile, it will not be regenerated
[INFO] running `Command { std: CARGO_HOME="/workspace/cargo-home" RUSTUP_HOME="/workspace/rustup-home" "/workspace/cargo-home/bin/cargo" "+e6e4f7ed1589e03bc2f6c5931c1a72e7947e8682" "fetch" "--manifest-path" "Cargo.toml", kill_on_drop: false }`
[INFO] running `Command { std: "docker" "create" "-v" "/var/lib/crater-agent-workspace/builds/worker-7-tc2/target:/opt/rustwide/target:rw,Z" "-v" "/var/lib/crater-agent-workspace/builds/worker-7-tc2/source:/opt/rustwide/workdir:ro,Z" "-v" "/var/lib/crater-agent-workspace/cargo-home:/opt/rustwide/cargo-home:ro,Z" "-v" "/var/lib/crater-agent-workspace/rustup-home:/opt/rustwide/rustup-home:ro,Z" "-e" "SOURCE_DIR=/opt/rustwide/workdir" "-e" "CARGO_TARGET_DIR=/opt/rustwide/target" "-e" "CARGO_HOME=/opt/rustwide/cargo-home" "-e" "RUSTUP_HOME=/opt/rustwide/rustup-home" "-w" "/opt/rustwide/workdir" "-m" "1610612736" "--user" "0:0" "--network" "none" "ghcr.io/rust-lang/crates-build-env/linux@sha256:19e73879b68f455e41552ea35293514db52ea292d993f571636dbffedb77a1ee" "/opt/rustwide/cargo-home/bin/cargo" "+e6e4f7ed1589e03bc2f6c5931c1a72e7947e8682" "metadata" "--no-deps" "--format-version=1", kill_on_drop: false }`
[INFO] [stdout] d31eebef2f8b0106a9b1a825ef26468474c3a42065ab90dee284d9a51239491c
[INFO] running `Command { std: "docker" "start" "-a" "d31eebef2f8b0106a9b1a825ef26468474c3a42065ab90dee284d9a51239491c", kill_on_drop: false }`
[INFO] running `Command { std: "docker" "inspect" "d31eebef2f8b0106a9b1a825ef26468474c3a42065ab90dee284d9a51239491c", kill_on_drop: false }`
[INFO] running `Command { std: "docker" "rm" "-f" "d31eebef2f8b0106a9b1a825ef26468474c3a42065ab90dee284d9a51239491c", kill_on_drop: false }`
[INFO] [stdout] d31eebef2f8b0106a9b1a825ef26468474c3a42065ab90dee284d9a51239491c
[INFO] running `Command { std: "docker" "create" "-v" "/var/lib/crater-agent-workspace/builds/worker-7-tc2/target:/opt/rustwide/target:rw,Z" "-v" "/var/lib/crater-agent-workspace/builds/worker-7-tc2/source:/opt/rustwide/workdir:ro,Z" "-v" "/var/lib/crater-agent-workspace/cargo-home:/opt/rustwide/cargo-home:ro,Z" "-v" "/var/lib/crater-agent-workspace/rustup-home:/opt/rustwide/rustup-home:ro,Z" "-e" "SOURCE_DIR=/opt/rustwide/workdir" "-e" "CARGO_TARGET_DIR=/opt/rustwide/target" "-e" "CARGO_INCREMENTAL=0" "-e" "RUST_BACKTRACE=full" "-e" "RUSTFLAGS=--cap-lints=forbid" "-e" "RUSTDOCFLAGS=--cap-lints=forbid" "-e" "CARGO_HOME=/opt/rustwide/cargo-home" "-e" "RUSTUP_HOME=/opt/rustwide/rustup-home" "-w" "/opt/rustwide/workdir" "-m" "1610612736" "--user" "0:0" "--network" "none" "ghcr.io/rust-lang/crates-build-env/linux@sha256:19e73879b68f455e41552ea35293514db52ea292d993f571636dbffedb77a1ee" "/opt/rustwide/cargo-home/bin/cargo" "+e6e4f7ed1589e03bc2f6c5931c1a72e7947e8682" "check" "--frozen" "--all" "--all-targets" "--message-format=json", kill_on_drop: false }`
[INFO] [stdout] 5fd801067f2ac27549c36ed51da2af3ef892154b5e6acc850e0015e9d4869772
[INFO] running `Command { std: "docker" "start" "-a" "5fd801067f2ac27549c36ed51da2af3ef892154b5e6acc850e0015e9d4869772", kill_on_drop: false }`
[INFO] [stderr]    Compiling libc v0.2.132
[INFO] [stderr]    Compiling proc-macro2 v1.0.43
[INFO] [stderr]    Compiling quote v1.0.21
[INFO] [stderr]    Compiling unicode-ident v1.0.3
[INFO] [stderr]    Compiling syn v1.0.99
[INFO] [stderr]    Compiling generic-array v0.14.6
[INFO] [stderr]    Compiling serde_derive v1.0.144
[INFO] [stderr]    Compiling serde v1.0.144
[INFO] [stderr]     Checking once_cell v1.13.1
[INFO] [stderr]    Compiling uncased v0.9.7
[INFO] [stderr]    Compiling futures-channel v0.3.24
[INFO] [stderr]    Compiling proc-macro2-diagnostics v0.9.1
[INFO] [stderr]    Compiling futures-core v0.3.24
[INFO] [stderr]    Compiling typenum v1.15.0
[INFO] [stderr]    Compiling slab v0.4.7
[INFO] [stderr]    Compiling yansi v0.5.1
[INFO] [stderr]    Compiling subtle v2.4.1
[INFO] [stderr]     Checking itoa v1.0.3
[INFO] [stderr]     Checking bytes v1.2.1
[INFO] [stderr]    Compiling tokio v1.20.1
[INFO] [stderr]    Compiling cpufeatures v0.2.4
[INFO] [stderr]    Compiling pin-project-lite v0.2.9
[INFO] [stderr]    Compiling futures-task v0.3.24
[INFO] [stderr]     Checking futures-sink v0.3.24
[INFO] [stderr]    Compiling phf_shared v0.10.0
[INFO] [stderr]    Compiling log v0.4.17
[INFO] [stderr]    Compiling opaque-debug v0.3.0
[INFO] [stderr]    Compiling futures-util v0.3.24
[INFO] [stderr]     Checking tracing-core v0.1.29
[INFO] [stderr]    Compiling cookie v0.16.0
[INFO] [stderr]    Compiling ref-cast v1.0.9
[INFO] [stderr]     Checking futures-io v0.3.24
[INFO] [stderr]    Compiling regex-syntax v0.6.27
[INFO] [stderr]     Checking http v0.2.8
[INFO] [stderr]    Compiling indexmap v1.9.1
[INFO] [stderr]    Compiling pin-utils v0.1.0
[INFO] [stderr]     Checking block-buffer v0.10.2
[INFO] [stderr]     Checking crypto-common v0.1.6
[INFO] [stderr]     Checking universal-hash v0.4.1
[INFO] [stderr]     Checking tracing v0.1.36
[INFO] [stderr]     Checking digest v0.10.3
[INFO] [stderr]     Checking cipher v0.3.0
[INFO] [stderr]    Compiling getrandom v0.2.7
[INFO] [stderr]     Checking mio v0.8.4
[INFO] [stderr]     Checking num_cpus v1.13.1
[INFO] [stderr]     Checking signal-hook-registry v1.4.0
[INFO] [stderr]     Checking socket2 v0.4.6
[INFO] [stderr]    Compiling rand_core v0.6.3
[INFO] [stderr]     Checking polyval v0.5.3
[INFO] [stderr]    Compiling rand_chacha v0.3.1
[INFO] [stderr]    Compiling aead v0.4.3
[INFO] [stderr]    Compiling phf v0.10.1
[INFO] [stderr]    Compiling aes v0.7.5
[INFO] [stderr]    Compiling ctr v0.8.0
[INFO] [stderr]    Compiling ghash v0.4.4
[INFO] [stderr]    Compiling rand v0.8.5
[INFO] [stderr]    Compiling hmac v0.12.1
[INFO] [stderr]    Compiling crossbeam-utils v0.8.11
[INFO] [stderr]     Checking same-file v1.0.6
[INFO] [stderr]    Compiling num_threads v0.1.6
[INFO] [stderr]    Compiling bitflags v1.3.2
[INFO] [stderr]    Compiling ucd-trie v0.1.4
[INFO] [stderr]    Compiling try-lock v0.2.3
[INFO] [stderr]    Compiling hkdf v0.12.3
[INFO] [stderr]    Compiling aes-gcm v0.9.4
[INFO] [stderr]    Compiling want v0.3.0
[INFO] [stderr]    Compiling time v0.3.14
[INFO] [stderr]    Compiling regex v1.6.0
[INFO] [stderr]     Checking walkdir v2.3.2
[INFO] [stderr]    Compiling sha2 v0.10.2
[INFO] [stderr]    Compiling httparse v1.7.1
[INFO] [stderr]     Checking bstr v0.2.17
[INFO] [stderr]    Compiling phf_generator v0.10.0
[INFO] [stderr]    Compiling http-body v0.4.5
[INFO] [stderr]    Compiling lock_api v0.4.8
[INFO] [stderr]    Compiling phf_codegen v0.10.0
[INFO] [stderr]    Compiling hashbrown v0.12.3
[INFO] [stderr]    Compiling percent-encoding v2.1.0
[INFO] [stderr]     Checking inlinable_string v0.1.15
[INFO] [stderr]     Checking unic-char-range v0.9.0
[INFO] [stderr]    Compiling tower-service v0.3.2
[INFO] [stderr]    Compiling parse-zoneinfo v0.3.0
[INFO] [stderr]     Checking unic-common v0.9.0
[INFO] [stderr]    Compiling httpdate v1.0.2
[INFO] [stderr]    Compiling base64 v0.13.0
[INFO] [stderr]     Checking unic-ucd-version v0.9.0
[INFO] [stderr]     Checking globset v0.4.9
[INFO] [stderr]     Checking net2 v0.2.37
[INFO] [stderr]    Compiling futures v0.3.24
[INFO] [stderr]     Checking unic-char-property v0.9.0
[INFO] [stderr]    Compiling chrono-tz-build v0.0.2
[INFO] [stderr]    Compiling stable-pattern v0.1.0
[INFO] [stderr]     Checking iovec v0.1.4
[INFO] [stderr]     Checking thread_local v1.1.4
[INFO] [stderr]    Compiling atomic v0.5.1
[INFO] [stderr]    Compiling figment v0.10.6
[INFO] [stderr]    Compiling multer v2.0.3
[INFO] [stderr]    Compiling async-trait v0.1.57
[INFO] [stderr]    Compiling either v1.8.0
[INFO] [stderr]    Compiling smallvec v1.9.0
[INFO] [stderr]    Compiling state v0.5.3
[INFO] [stderr]     Checking iana-time-zone v0.1.46
[INFO] [stderr]    Compiling serde_json v1.0.85
[INFO] [stderr]     Checking chrono v0.4.22
[INFO] [stderr]     Checking ignore v0.4.18
[INFO] [stderr]     Checking mio v0.6.23
[INFO] [stderr]     Checking unic-ucd-segment v0.9.0
[INFO] [stderr]     Checking parking_lot_core v0.9.3
[INFO] [stderr]    Compiling chrono-tz v0.6.1
[INFO] [stderr]     Checking inotify-sys v0.1.5
[INFO] [stderr]    Compiling rocket v0.5.0-rc.2
[INFO] [stderr]     Checking fastrand v1.8.0
[INFO] [stderr]     Checking remove_dir_all v0.5.3
[INFO] [stderr]     Checking spin v0.9.4
[INFO] [stderr]    Compiling glob v0.3.0
[INFO] [stderr]     Checking ryu v1.0.11
[INFO] [stderr]     Checking deunicode v0.4.3
[INFO] [stderr]    Compiling unicode-xid v0.2.3
[INFO] [stderr]     Checking lazycell v1.3.0
[INFO] [stderr]     Checking unic-segment v0.9.0
[INFO] [stderr]     Checking slug v0.1.4
[INFO] [stderr]     Checking tempfile v3.3.0
[INFO] [stderr]     Checking globwalk v0.8.1
[INFO] [stderr]     Checking parking_lot v0.12.1
[INFO] [stderr]     Checking inotify v0.7.1
[INFO] [stderr]     Checking filetime v0.2.17
[INFO] [stderr]     Checking atty v0.2.14
[INFO] [stderr]    Compiling hyper v0.14.20
[INFO] [stderr]     Checking binascii v0.1.4
[INFO] [stderr]     Checking humansize v1.1.1
[INFO] [stderr]     Checking normpath v0.3.2
[INFO] [stderr]     Checking mio-extras v2.0.6
[INFO] [stderr]     Checking notify v4.0.17
[INFO] [stderr]    Compiling devise_core v0.3.1
[INFO] [stderr]    Compiling tokio-macros v1.8.0
[INFO] [stderr]    Compiling thiserror-impl v1.0.32
[INFO] [stderr]    Compiling pear_codegen v0.2.3
[INFO] [stderr]    Compiling ref-cast-impl v1.0.9
[INFO] [stderr]    Compiling async-stream-impl v0.3.3
[INFO] [stderr]    Compiling uuid-macro-internal v1.1.2
[INFO] [stderr]    Compiling devise_codegen v0.3.1
[INFO] [stderr]     Checking uuid v1.1.2
[INFO] [stderr]     Checking async-stream v0.3.3
[INFO] [stderr]     Checking pear v0.2.3
[INFO] [stderr]    Compiling devise v0.3.1
[INFO] [stderr]    Compiling thiserror v1.0.32
[INFO] [stderr]    Compiling pest v2.3.0
[INFO] [stderr]    Compiling rocket_http v0.5.0-rc.2
[INFO] [stderr]    Compiling pest_meta v2.3.0
[INFO] [stderr]    Compiling pest_generator v2.3.0
[INFO] [stderr]    Compiling pest_derive v2.3.0
[INFO] [stderr]    Compiling rocket_codegen v0.5.0-rc.2
[INFO] [stderr]     Checking tokio-util v0.7.3
[INFO] [stderr]     Checking tokio-stream v0.1.9
[INFO] [stderr]     Checking toml v0.5.9
[INFO] [stderr]     Checking ubyte v0.10.2
[INFO] [stderr]     Checking h2 v0.3.14
[INFO] [stderr]     Checking tera v1.17.0
[INFO] [stderr]     Checking rocket_dyn_templates v0.1.0-rc.2
[INFO] [stderr]     Checking tikka v0.1.0 (/opt/rustwide/workdir)
[INFO] [stdout] error[E0432]: unresolved import `uuid::v1`
[INFO] [stdout]  --> src/routes/submit.rs:6:18
[INFO] [stdout]   |
[INFO] [stdout] 6 | use uuid::{Uuid, v1::{Context, Timestamp}};
[INFO] [stdout]   |                  ^^ could not find `v1` in `uuid`
[INFO] [stdout] 
[INFO] [stdout] 
[INFO] [stdout] error[E0432]: unresolved import `uuid::v1`
[INFO] [stdout]  --> src/routes/submit.rs:6:18
[INFO] [stdout]   |
[INFO] [stdout] 6 | use uuid::{Uuid, v1::{Context, Timestamp}};
[INFO] [stdout]   |                  ^^ could not find `v1` in `uuid`
[INFO] [stdout] 
[INFO] [stdout] 
[INFO] [stdout] error[E0599]: no function or associated item named `new_v1` found for struct `Uuid` in the current scope
[INFO] [stdout]   --> src/routes/submit.rs:33:11
[INFO] [stdout]    |
[INFO] [stdout] 33 |     Uuid::new_v1(timestamp, &[8, 0, 0, 0, 8, 5])
[INFO] [stdout]    |           ^^^^^^
[INFO] [stdout]    |           |
[INFO] [stdout]    |           function or associated item not found in `Uuid`
[INFO] [stdout]    |           help: there is an associated function with a similar name: `new_v4`
[INFO] [stdout] 
[INFO] [stdout] 
[INFO] [stdout] error[E0599]: no function or associated item named `new_v1` found for struct `Uuid` in the current scope
[INFO] [stdout]   --> src/routes/submit.rs:33:11
[INFO] [stdout]    |
[INFO] [stdout] 33 |     Uuid::new_v1(timestamp, &[8, 0, 0, 0, 8, 5])
[INFO] [stdout]    |           ^^^^^^
[INFO] [stdout]    |           |
[INFO] [stdout]    |           function or associated item not found in `Uuid`
[INFO] [stdout]    |           help: there is an associated function with a similar name: `new_v4`
[INFO] [stdout] 
[INFO] [stdout] 
[INFO] [stdout] error: aborting due to 2 previous errors
[INFO] [stdout] 
[INFO] [stdout] 
[INFO] [stdout] error: aborting due to 2 previous errors
[INFO] [stdout] 
[INFO] [stdout] 
[INFO] [stdout] Some errors have detailed explanations: E0432, E0599.
[INFO] [stdout] 
[INFO] [stdout] Some errors have detailed explanations: E0432, E0599.
[INFO] [stdout] 
[INFO] [stdout] For more information about an error, try `rustc --explain E0432`.
[INFO] [stdout] 
[INFO] [stdout] For more information about an error, try `rustc --explain E0432`.
[INFO] [stdout] 
[INFO] [stderr] error: could not compile `tikka` (bin "tikka") due to 3 previous errors
[INFO] [stderr] warning: build failed, waiting for other jobs to finish...
[INFO] [stderr] error: could not compile `tikka` (bin "tikka" test) due to 3 previous errors
[INFO] running `Command { std: "docker" "inspect" "5fd801067f2ac27549c36ed51da2af3ef892154b5e6acc850e0015e9d4869772", kill_on_drop: false }`
[INFO] running `Command { std: "docker" "rm" "-f" "5fd801067f2ac27549c36ed51da2af3ef892154b5e6acc850e0015e9d4869772", kill_on_drop: false }`
[INFO] [stdout] 5fd801067f2ac27549c36ed51da2af3ef892154b5e6acc850e0015e9d4869772
